*i - 3*s. Suppose 4*j - i = l - 2*l, 4*l - j - 20 = 0. Calculate the remainder when 11 is divided by l.
5
Let f(i) = -22*i**3 - i - 1. Calculate the remainder when 41 is divided by f(-1).
19
Let j = 16 + -28. Let o = -21 - -32. What is the remainder when 1/(-2) - 390/j is divided by o?
10
Let o = 21 - 9. Let w(z) be the third derivative of -z**5/60 - z**4/2 + 7*z**3/6 + z**2. Calculate the remainder when w(-9) is divided by o.
10
Let k(b) = -5*b - 6. Let c be k(-3). Let u = 40 - c. Calculate the remainder when 60 is divided by u.
29
Suppose 2*l = -5*k + 155, 3*k - 47 - 20 = 4*l. Calculate the remainder when 86 is divided by k.
28
Let r(n) be the third derivative of -1/6*n**3 + 0*n + 1/5*n**5 + 2*n**2 + 0 + 1/12*n**4. Calculate the remainder when 23 is divided by r(1).
10
Let j(d) = -d**3 - 8*d**2 - 10*d - 10. Let p be j(-7). Suppose -x + 0*x - p = 0. Let z = x - -16. What is the remainder when 7 is divided by z?
2
Let f = -38 - -18. Let w = f - -45. Calculate the remainder when w is divided by 7.
4
What is the remainder when ((-16)/10)/(52/(-3770)) is divided by 20?
16
Suppose j + 0*j = 3*c + 103, 2*c + 281 = 3*j. What is the remainder when j is divided by 46?
45
Calculate the remainder when 58 is divided by 1 - 18/(-4)*2.
8
Let v = -18 - -49. What is the remainder when v is divided by (3/9)/((-2)/(-66))?
9
Let h = -14 + 8. What is the remainder when 52 is divided by 4/h + 112/6?
16
Suppose q + 2*q = 42. What is the remainder when 54 is divided by q?
12
Suppose 0 = 4*u - 6*u + 8. Let f be (-2)/11 + 210/(-55). Let q = 11 + f. Calculate the remainder when q is divided by u.
3
Calculate the remainder when 65*(2*2 - (7 + -4)) is divided by 10.
5
What is the remainder when 37 is divided by ((-6)/(-5))/(51/850)?
17
Let s = -95 - -104. What is the remainder when 26 is divided by s?
8
Let i be 12/5*20/(-6). Let o = i - -9. Calculate the remainder when o is divided by (2/(-6))/1*-3.
0
Suppose -5*r - 3*d - 35 = 0, r + 2*d = -0*d. Let q = r + 17. Calculate the remainder when q is divided by 3.
1
Let b(s) = s**2 + 3*s - 2. Let h be ((-2)/(-4))/(2/8). Let f(x) = -x**3 - x**2 + x + 3. Calculate the remainder when b(h) is divided by f(0).
2
Let s(w) = w**2 + 12*w - 1. Calculate the remainder when s(-16) is divided by 22.
19
Suppose -5*x = -6 + 31, 5*x = -b - 2. What is the remainder when 44 is divided by b?
21
Let o = 2 + -3. Let x = 9 - o. What is the remainder when 28 is divided by x?
8
Calculate the remainder when 780/15 + (-4 - -1) is divided by 15.
4
Let a = 47 - 12. Let i(f) = -3*f - 3. Calculate the remainder when a is divided by i(-4).
8
Calculate the remainder when (23/23)/(1 - (-12)/(-14)) is divided by 6.
1
Let m be (3 - (-2 + 2)) + 2. Let p(a) = 12*a + 1. Let k be p(m). Let g = k + -43. What is the remainder when 52 is divided by g?
16
Let q be (-26)/(14/(-8) + 2). What is the remainder when 8/12 + q/(-6) is divided by 10?
8
Let u = -15 + 65. Suppose 0*s = 4*s + 136. What is the remainder when u is divided by (3 - 2)/((-2)/s)?
16
Let h(b) = 25*b**2 + 5*b - 6. Calculate the remainder when h(-3) is divided by 41.
40
What is the remainder when (-4)/8*(2 - 40) is divided by 5?
4
Suppose 8*u + 84 = 11*u. Let o = -9 + 19. Calculate the remainder when u is divided by o.
8
Let o(j) = -3*j**3 - 2*j**2 + 4*j + 1. Calculate the remainder when 143 is divided by o(-2).
8
Suppose -3*b = b + h - 72, -h = 0. Suppose -5*n + b = -4*n + 2*v, 3*v = -2*n + 33. Let y(p) = -3*p + 11. What is the remainder when y(-4) is divided by n?
11
Let x = -22 + 33. Calculate the remainder when 32 is divided by x.
10
Let d(w) = w**3 - 11*w**2 + 11*w - 8. Let g be d(10). Suppose l + 4*k - 30 = 0, 4*k + g = -2. Calculate the remainder when l is divided by 12.
10
Let m = -65 - -83. What is the remainder when 60 is divided by m?
6
Let v = -8 + 23. Let p(u) = -9*u + 1 - 3*u**2 + 2 + 6*u**2. Calculate the remainder when p(6) is divided by v.
12
What is the remainder when ((396/(-8))/3)/((-6)/32) is divided by 10?
8
Suppose -21 = 2*u + 27. Let t = u + 34. What is the remainder when t is divided by 6?
4
Let m(p) = 3*p + 36. What is the remainder when m(9) is divided by 11?
8
Calculate the remainder when 42 is divided by (99/(-6))/(3/(-4)).
20
Let c = -34 + 57. Let u = 8 + -4. Suppose -u*y = 5*a - 56, 3*y + 20 = -4*a + 64. What is the remainder when c is divided by a?
7
Suppose l + 2*l - 54 = 0. Calculate the remainder when 34 is divided by l.
16
Let u = -20 - -23. What is the remainder when 7 is divided by u?
1
Let q(t) = -t**2 - 13*t + 25. What is the remainder when 247 is divided by q(-13)?
22
Let o(m) = 2*m**3 - 4*m**2 + 3*m - 2. Let n = 0 - -2. What is the remainder when 14 is divided by o(n)?
2
Suppose 22 + 8 = 5*k. Suppose 5*s - 5*u = 135, 0 = 3*s - k*u + 2*u - 77. Calculate the remainder when s is divided by 9.
4
Suppose 0 = l + v - 2 - 12, 0 = -3*l + 3*v + 54. Calculate the remainder when l is divided by 5.
1
Let y(b) = -b**3 + 3*b - 3. What is the remainder when 28 is divided by y(-3)?
13
Suppose -3*s - 2*q = -12, -3*s + 8 = -s + 3*q. Suppose s*j + 9 = 29. What is the remainder when 12 is divided by j?
2
Let w = 5 - -54. Suppose -76 = -4*m + j, -6 - 2 = -m + 3*j. Calculate the remainder when w is divided by m.
19
Let y(k) = -10*k - 61. What is the remainder when y(-9) is divided by (-1 + 6)/(3/6)?
9
Let o be ((-810)/(-12))/((-2)/8). What is the remainder when o/(-20) - (-3)/2 is divided by 8?
7
Suppose 164 = 3*u + 5*z - 79, 0 = 5*u + z - 427. Calculate the remainder when u is divided by 22.
20
Suppose -63 + 559 = 4*s. Calculate the remainder when s is divided by 42.
40
Let q(h) = -8*h**3 + h**2 - h - 1. Let r be q(-1). Let t = 19 - r. Let m(p) = -19*p. What is the remainder when m(-1) is divided by t?
9
Let d = 22 + -19. Suppose 80 = j + 4*j - a, 56 = d*j + a. Calculate the remainder when 32 is divided by j.
15
Let t = 122 - 59. Suppose 2*l + t = 5*l. Calculate the remainder when 82 is divided by l.
19
Suppose -3*c = -3*d - 24, 5*d - 3*d + 26 = 4*c. Calculate the remainder when 24 is divided by c.
4
Suppose 4*r + 28 = 4*w - 0*w, 24 = 3*w - 4*r. Suppose 4*c = -j + 85 - 2, w*c - 103 = 3*j. Calculate the remainder when 63 is divided by c.
19
Suppose 0 = -j + d + 28, 6*d - 3*d = -4*j + 140. Let u(w) = w**2 + w + 36. Let f be u(0). Let y = f - 25. Calculate the remainder when j is divided by y.
10
Suppose -7 = -5*x + 8. Suppose 0*l + 2*l + 16 = 2*k, -x*l - 14 = -2*k. Let v(t) = t**2 + t - 2. What is the remainder when v(-6) is divided by k?
8
Suppose -6*d - 10 = -7*d. Let i(h) = h + 8. Let o be i(-5). Suppose o*q + 54 = 6*q. Calculate the remainder when q is divided by d.
8
Let d(a) = a - 12 + 4*a - 2*a. Let p be 9*2/(0 + 2). What is the remainder when 28 is divided by d(p)?
13
Let l = 33 - 19. What is the remainder when 51 is divided by l?
9
Let y(u) = u**2 + u + 17. Let k(j) = j**3 - 7*j**2 - j - 3. Let g be k(7). What is the remainder when ((-297)/(-45))/((-2)/g) is divided by y(0)?
16
Suppose -f + 0*f + 187 = 0. Let w = f + -104. Calculate the remainder when w is divided by 28.
27
Let a be -12*(1 - (-4)/(-8)). Let r(f) = -6*f**3 - 5*f**2 + f**3 + 4*f**3 - 8. What is the remainder when r(a) is divided by 15?
13
Suppose -f - 2 + 22 = 0. Let q = 47 - f. Calculate the remainder when q is divided by 7.
6
Let x(r) = -r**3 - 10*r**2 + 11*r + 19. Calculate the remainder when 32 is divided by x(-11).
13
Let v(k) = 2*k**3 + 10*k**2 + 10. What is the remainder when v(-5) is divided by 6?
4
Let i be 1 - ((-6)/2 + 0). Suppose 3*u - 30 = 8*u. Let c = i - u. What is the remainder when 19 is divided by c?
9
Let b(p) = -p**3 - p + 26. Suppose 3*w + 8 - 1 = 4*x, 0 = 3*w + 5*x - 29. Suppose -4*l + 9 = -w*l. Calculate the remainder when b(0) is divided by l.
8
Let l(b) = b**3 + 2*b**2 - 4*b + 1. Let v be l(-3). Suppose -46 = -2*y + 5*f + v, 3*y - 58 = -f. What is the remainder when 79 is divided by y?
19
Let d(v) = -7*v + 10. What is the remainder when d(-4) is divided by 20?
18
Let y(u) = u**3 - 7*u**2 + 4*u + 5. Let d = -15 - -20. Suppose 18 = -3*g + d*g. Calculate the remainder when y(7) is divided by g.
6
Let v be -11 - (-2 - -5) - -1. Let z = 16 + v. Calculate the remainder when 10 is divided by z.
1
Suppose 0 = 4*h + 16, 9*h - 7*h = -2*i + 2. What is the remainder when 12 is divided by i?
2